 prime factors of g.
2
List the prime factors of 707 + -10*6/12.
2, 3, 13
Let o(y) be the third derivative of 0*y + 0 - 1/12*y**5 + 1/8*y**4 - y**3 - 1/120*y**6 - 5*y**2. What are the prime factors of o(-6)?
2, 3
Suppose -1179 = -3*h - 3*a, -7*h + 9*h - 811 = 3*a. List the prime factors of h.
2, 199
Let x = -393 + 850. What are the prime factors of x?
457
Let k be 6/2 - 3/3. Let q(b) = -4*b**2 - 2*b - 1. Let v be q(k). List the prime factors of -3 - (1*v + -3).
3, 7
Let g(y) = 4*y - 38 + 2*y - 12. What are the prime factors of g(16)?
2, 23
Let j be -2 - -1 - (2 - 1). Let v(q) be the third derivative of -7*q**4/24 - q**3/2 - 40*q**2. List the prime factors of v(j).
11
Let s = -109 + 109. Suppose 0*p - 4*p + 4*c + 88 = 0, -3*p + 4*c + 69 = s. List the prime factors of p.
19
Let x be 4/6*(-390)/(-20). Suppose -3*a = 3*t - 42, -4*t - x = -2*a + 45. Suppose -f - 3*l = -a, 0*f = -2*f - 3*l + 26. List the prime factors of f.
7
Suppose -2*y = 198 + 246. List the prime factors of 2/((-447)/y + -2).
2, 37
Let v = 28 + -24. Suppose 2*p - 2*l - 106 = -2*p, -v*p + 121 = 3*l. Let t = p + 14. List the prime factors of t.
2, 3, 7
Let s(r) = -2*r**2 + 52*r - 17. Suppose -z + 3*v = -34, 2*z = -0*z - v + 47. What are the prime factors of s(z)?
3, 11
Suppose -82*c - 23050 = -92*c. List the prime factors of c.
5, 461
Let a(l) = 9*l - 1. Let p(t) = t**2 + 14*t + 14. Let s be p(-13). Let f be a(s). Suppose -f + 56 = 4*u. What are the prime factors of u?
2, 3
Let v(n) = -n - 4. Let s be v(-6). Suppose -2*y = -6*y - 2*o, 14 = -y - 4*o. Suppose -2*c - a = -y*a - 15, 0 = -2*c - s*a. List the prime factors of c.
5
Let n(d) = 2*d**3 - 12*d**2 - 21*d + 111. List the prime factors of n(13).
2, 19, 29
Suppose -3*a = -2*q - 1178, -6*q + 3*q - 1182 = -3*a. Suppose -w = -6*w + a. List the prime factors of w.
2, 3, 13
Suppose -5156 = -4*c - 1160. What are the prime factors of c?
3, 37
Suppose -41 = -5*b + 4*o, -6*b + b + 5*o + 40 = 0. What are the prime factors of (b/(-18))/(1/(-132))?
2, 3, 11
Let g(s) be the third derivative of -7*s**4/12 + 4*s**3/3 - 31*s**2. List the prime factors of g(-7).
2, 53
Let b(a) = 11*a**2 + 6*a**2 - 168 + 180 - 5*a**2 + a**3 - 10*a. List the prime factors of b(-12).
2, 3, 11
What are the prime factors of -12 + 20 - 1676*-1?
2, 421
Suppose 3*c = 5*k - 8090, -2*k + 3232 = -7*c + 5*c. What are the prime factors of k?
1621
Let n(w) = 9*w**3 - w**2 - 7*w + 3849. What are the prime factors of n(0)?
3, 1283
Let x be ((-2)/4)/((-3)/(-3))*0. Suppose x = 4*d - 3 - 25. List the prime factors of d.
7
Let n = 5562 + -1665. What are the prime factors of n?
3, 433
Let g(f) = 3*f**2 + 9*f + 17. Suppose -3*m + 15 = -6*m. What are the prime factors of g(m)?
47
List the prime factors of ((-1800)/35)/((-3)/14 + 0).
2, 3, 5
What are the prime factors of 19/((-38)/20) + 2076?
2, 1033
Let u(x) = x**3 - 19*x**2 - 80*x + 35. List the prime factors of u(24).
5, 199
Suppose -37*f = -53*f + 26064. List the prime factors of f.
3, 181
Suppose -3*v = 1 + 2. Let b be (3/(-2))/(v/2). Suppose 4*z - b*l + l - 38 = 0, -5*z = -4*l - 52. List the prime factors of z.
2
Let j(m) = 3*m**2 - 2*m**3 - 3*m - 1 - m + 3*m**3 + 3. Let l be j(-4). Suppose a - 3*p = 13, -148 + 18 = -5*a + l*p. What are the prime factors of a?
2, 7
What are the prime factors of -6 - ((-18)/81 + 69328/(-36))?
2, 3, 5
Let d(n) = -25*n + 58. What are the prime factors of d(-14)?
2, 3, 17
Let v be 32/28*(-14)/(-4). Suppose m - 60 = v*f, 2*f + f = -12. List the prime factors of m.
2, 11
Suppose -4*n - 204 = 196. Let r = -39 - n. Let q = -43 + r. List the prime factors of q.
2, 3
Suppose 0*x = 6*x. Suppose x = 3*i - a - 244, 0 = 2*i - 2*a - 11 - 149. List the prime factors of i.
2, 41
Let v(j) = -2*j**2 - j - 7 - 3*j + 0*j + 5. Let h be v(4). Let z = h + 77. List the prime factors of z.
3
Suppose -34*w = -30*w - 5*g - 11024, 4*g - 5486 = -2*w. What are the prime factors of w?
3, 7, 131
Let j(v) = v**2 - 2*v. Let i be j(2). Suppose 8 = 4*c - i. Suppose 0 = 3*o + c*z - 57, -4*o = 2*z - 94 + 16. List the prime factors of o.
3, 7
Let a be 12/5*510/9. Suppose 0 = 2*v - a + 24. What are the prime factors of v?
2, 7
Let l be (-3 - 14/(-4))*8. Let j be (2/l)/1*2. Let r(x) = 6*x**3 - 2*x**2 + x. What are the prime factors of r(j)?
5
Suppose 5*v = -5*n - 10, -n + v = -2 - 0. Suppose 3*x - 54 - 36 = n. Let f = 9 + x. What are the prime factors of f?
3, 13
Suppose -3*g = 2*o - 54, 0 = -o - 1 + 4. Suppose 20*j = 24*j - g. Suppose -j*x + 3*m = -182, 5*m - 245 = 2*x - 7*x. List the prime factors of x.
47
Let t be (2 - 1) + 11 + -15. Let r = 47 - t. List the prime factors of r.
2, 5
Let v = 479 + -98. What are the prime factors of v?
3, 127
Let s(u) = -104*u - 52. List the prime factors of s(-4).
2, 7, 13
Let i = 5202 + -2419. What are the prime factors of i?
11, 23
Let q = 80 - 8. Let l = -46 + q. What are the prime factors of l?
2, 13
Let p = -1738 + 3735. List the prime factors of p.
1997
Let k be (0 - 4/1) + 28. Suppose -5*u - 40 = -2*b, u + 2*u - 20 = -b. List the prime factors of (-300)/(-9)*k/b.
2, 5
Let q(n) = n**2 - 3*n**3 + 2*n**2 - 6*n**2 + n + 4*n**3 + 1. Let g be q(2). List the prime factors of 1/((-54)/(-52) + g).
2, 13
Let z(q) = -q**2 - 7*q - 22. Let a be z(-8). Let m = a - -96. What are the prime factors of m?
2, 3, 11
Let s = -1 + 1. Let k(z) = 8*z**3 + 2*z - 1. Let h be k(1). Suppose 2*u - 3*x - h = s, -1 = 3*x - 16. What are the prime factors of u?
2, 3
Let t = -1238 - -2819. What are the prime factors of t?
3, 17, 31
Suppose 2*p + 2*p = 220. Suppose 0 = -i + 2*f + p, 2*i + i + 5*f - 187 = 0. Let r = i - 36. What are the prime factors of r?
23
Let t(j) = -3*j + 25. Let k be t(0). Suppose u - 90 = -k. List the prime factors of u.
5, 13
List the prime factors of (4/(-34) - (-261943)/(-374))*-2.
3, 467
Let r(j) = -j**3 - 3*j**2 + 2. Let l be r(1). Let w(a) = -59*a - 17. List the prime factors of w(l).
101
Suppose 17*u = 46178 + 2051. List the prime factors of u.
2837
Let b = 0 + 3. Suppose 2*t - 6*t = b*h + 55, 4*h - 28 = t. Let c = t - -37. What are the prime factors of c?
3, 7
Let h(v) = v**3 + 7*v**2 + 3*v - 6. Let o be (6/(6/(-5)))/1. Let a be h(o). Suppose 5*n + 0*n - 75 = -4*t, a = 4*n - 3*t. What are the prime factors of n?
11
Let g be (51/(-2) - -1)/((-23)/92). Let t = g + -26. What are the prime factors of t?
2, 3
Let j be (-2)/(-3) + 25/3. Let p be -3*4/(12/1). Let g = j + p. What are the prime factors of g?
2
Suppose p - 20 = 3*g - 3, -5*g = -5*p + 35. Suppose -k - p*m - 3 = -8, 3*k = 4*m + 55. What are the prime factors of k?
13
Let u = 218 + -326. Let w = 154 + u. What are the prime factors of w?
2, 23
Let d(f) = 93*f**2 - 24*f - 149. List the prime factors of d(-7).
2, 11, 13
Suppose 3*u - 3*w + 36 = 0, -23 = 2*u + 5*w + 1. What are the prime factors of 4/u*1410/((-5)/1)?
2, 47
Let r = -799 + 1324. What are the prime factors of r?
3, 5, 7
Let o(z) = -2*z**2 - 2*z - 3. Let x(r) = -r. Let n(b) = -o(b) + 2*x(b). Let q = -5 - -2. What are the prime factors of n(q)?
3, 7
Suppose -38*k + 40*k - 2 = 0. Suppose 5*i - 2*j - 28 = 34, -k = j. List the prime factors of i.
2, 3
Let z(f) be the first derivative of -f**4/4 + 5*f**3/3 + 3*f**2 - 9*f + 49. Let v = 1 - -3. List the prime factors of z(v).
31
Let r = -376 + 562. Suppose 5*d - r = 34. List the prime factors of d.
2, 11
Suppose 530 = -3*p - 4*l + 1694, 4*p = 3*l + 1577. Suppose -11*a + 3*a = -p. List the prime factors of a.
7
Let w be ((-1)/(-3))/((-2)/30). Let o = w + 11. What are the prime factors of (0 - -1)/(o/36)?
2, 3
Suppose 4*x = 3*f - 0*x + 8, -2*f - 2*x = 10. Let m be (-333)/(-6) + 2/f. Suppose -y - m = -2*y. What are the prime factors of y?
5, 11
Let j be (-9)/3 + -21 + -2. Let g = 74 + j. List the prime factors of g.
2, 3
Suppose 210 = z + 2*z. Let k = z + -56. List the prime factors of k.
2, 7
Suppose -134208 = 2*g - 50*g. List the prime factors of g.
2, 3, 233
Let b = 2 - 25. Let s = -24 - b. What are the prime factors of 3 - 126/(-2 + s)?
3, 5
Let b = -1144 + 2062. What are the prime factors of b?
2, 3, 17
Let x(k) = -k**3 + 18*k**2 + 21*k - 66. What are the prime factors of x(16)?
2, 17, 23
Suppose 2*f = -t + 4*f + 36, 3*f - 111 = -4*t. Let q be 8/44 + 1809/33. Let m = q - t. List the prime factors of m.
5
List the prime factors of 106/(3/